 Let i be (289/(-4))/(-1) - w/108. Suppose -45*t - i = -49*t. What is the remainder when 122 is divided by t?
14
Suppose 195*u - 702 = 186*u. What is the remainder when 170 is divided by u?
14
Let j = 660 - 458. Calculate the remainder when j is divided by 104.
98
Calculate the remainder when (253/(-33))/(10 + (-7955)/795) is divided by 10.
9
Suppose -2*r + 2*j = -r - 371, -4*r + 3*j + 1469 = 0. Suppose -9*z - 86 = -r. What is the remainder when z is divided by 18?
13
Calculate the remainder when 1792 is divided by 26410/240 + 10/(-240).
32
Let w = -2890 - -3818. Calculate the remainder when w is divided by 31.
29
Calculate the remainder when 259 is divided by (-9)/6*(92 + -114).
28
Let j(g) = 2*g**2 + 17*g - 5. Let s be j(-9). Suppose 5 + 11 = -s*w, 2*x - 5*w - 54 = 0. Calculate the remainder when (4 - 6)*1 - -35 is divided by x.
16
Suppose -8*a + 6*a + 3*o = -9, 0 = 3*a + 5*o - 4. What is the remainder when 107 is divided by a + 137/9 - 12/54?
17
Let w(i) = -6*i + 70. Let t be w(11). Suppose t*q - 6*g + 5*g = 4755, -4*q + 4764 = -4*g. Calculate the remainder when q is divided by 14.
12
Let x(r) = 149*r**3 + 1. Let v be x(-1). What is the remainder when 6 is divided by 2/(-7 - v/20)?
1
Suppose 2*y - 126 = 9*z, -y + 2*z - 37 = -2*y. What is the remainder when 444 is divided by y?
39
Let d = -4857 + 4885. Let i(z) = -6*z - 2. Calculate the remainder when d is divided by i(-3).
12
Suppose -2*w = 5*x - 554 - 237, 2*w = x - 163. Calculate the remainder when x is divided by 74.
11
What is the remainder when 254 is divided by (1 - 2)*(17 - (-17 + 173))?
115
Suppose 2*r - 3*r = 0. Suppose r = 4*t + 19 - 83. Calculate the remainder when 23 is divided by t.
7
Let f = -183 - -326. Suppose -3*g + 32 = w, 4*w + 48 - f = -g. Suppose 3*v - w - 136 = 0. What is the remainder when v is divided by 11?
9
Suppose -4*g + 19 = -2*g + b, 0 = 3*b - 15. Calculate the remainder when (99/(-15))/(9/(-30)) is divided by g.
1
Suppose -245*o = -253*o - 1176. Let a = 95 + -9. What is the remainder when a is divided by 6/14 - 4347/o?
26
Let l(u) = 59*u**3 - 2*u**2 + 2*u - 1. Suppose -2457 = 83675*i - 83792*i. What is the remainder when l(1) is divided by i?
16
Suppose -4*c = -5*z + 95, -55 = 4*z + 4*c - 167. Let f = 99 + z. Calculate the remainder when f is divided by 62.
60
Suppose 13*b - 16*b + 363 = 3*y, -5*y = b - 601. What is the remainder when y is divided by 118?
2
Let p(d) = -3*d + 11. Suppose -3*q + 21 = -4*f, 0 = -5*q - 4 - 1. Calculate the remainder when 80/(-20) - 15/f*42 is divided by p(-5).
23
Suppose x - 18 = -2*x. Suppose -4*u + 76 = 2*a - 182, 138 = 2*u + 4*a. Suppose u = -7*n + 10*n. Calculate the remainder when n is divided by x.
3
Suppose 18*h - 3659 - 9067 = 0. Let k = h - 648. What is the remainder when 178 is divided by k?
1
Let t be 2 + (-6)/(-2 + 3). Let a be 4 - (3 + 24/t). Calculate the remainder when 15 is divided by (a - (6 + -2))*2.
3
Let t(h) = 10. Let p(o) = -o - 10. Let i(n) = -2*p(n) - 3*t(n). Let j be i(-5). Calculate the remainder when 27 is divided by (16 - 4)*j/(-16).
12
Let v be 5*((-5)/(-25))/((-1)/543). Let b = -8 - v. Suppose 2*x - 402 = -4*o, -3*o + b = 2*o - 4*x. Calculate the remainder when o is divided by 26.
25
Let h(u) = -14*u + 16. Let g be h(-2). Suppose -q + g + 6 = 0. What is the remainder when 74 is divided by 4/10 + 630/q?
9
Let v = -567 - -639. Calculate the remainder when 642/(-5)*(-40)/12 is divided by v.
68
Let l = -249 - -1153. Calculate the remainder when l is divided by 151.
149
Let v = -38 - -101. Calculate the remainder when 2/6 + (-734)/(-3) + 6 is divided by v.
62
Suppose -3*s + 33 = -0*s. Let m be 2/4*140/(-5). What is the remainder when s is divided by 54/(-36)*m/3?
4
Let r = 728 - 722. What is the remainder when 45 is divided by r/12*(-1 - (-6 - 19))?
9
Suppose 0 = -4*c - 20, -2*i - 3*c = 3*i - 55. Let b = i + 51. Calculate the remainder when b is divided by 25.
15
Suppose 45 = 5*h - 25. Let n = -204 - -204. Let d = h + n. Calculate the remainder when 25 is divided by d.
11
What is the remainder when (2/(-12))/((-10)/(-20))*(-2 - 967) is divided by 5?
3
What is the remainder when -2*((-3465)/10 + -20) is divided by 67?
63
Suppose 0 = -3*n + 3*t + 588, -2*t + 27 = 35. Calculate the remainder when n is divided by 5.
2
Suppose 83 + 67 = 10*s. Suppose -221 = -s*c + 424. Let k(o) = -o + 16. What is the remainder when c is divided by k(0)?
11
Let x = -27 + 69. Let k(d) = d**2 - 12*d + 27. Let z be k(4). Let b = 20 + z. Calculate the remainder when x is divided by b.
12
Let d(a) = 5*a - 74. Suppose -m - 4*w + 34 = 0, -2*m - 3*w = -4*w - 41. Calculate the remainder when d(m) is divided by 8.
4
Suppose 173*j = 98835 + 149939. What is the remainder when j is divided by 32?
30
Let z = 9 + -6. Suppose 3 = -2*o - o - 4*x, 5*o - 6 = -z*x. Suppose -138*g + 56 = -130*g. Calculate the remainder when g is divided by o.
1
Suppose 58 + 29 = 3*s. Suppose -3*m = -7*m - 68. Let l(g) = -4*g + 17. Calculate the remainder when l(m) is divided by s.
27
Suppose -5*h + p = -p - 35, 2*h - 14 = 6*p. What is the remainder when (-21)/(-14)*(-104)/(-6) is divided by h?
5
Suppose 0 = -x - 59 - 3. Let w = 82 + x. What is the remainder when 69 is divided by ((-396)/(-55))/(6/w)?
21
Suppose 38 = 7*k + 206. What is the remainder when (6/k)/(3/(-132)) is divided by 5?
1
Let a = 9071 + -9061. Let t(n) = n**2 - n + 18. What is the remainder when t(0) is divided by a?
8
What is the remainder when 968 is divided by 2964/104*28/21?
18
Let i = 323 - 251. Suppose 0 = -4*c + 4*s + i, -3*c - 20 = -2*s - 79. Let j(a) = a**2 - 4*a - 3. Calculate the remainder when c is divided by j(-2).
5
Let p(i) = -102*i + 10135. What is the remainder when p(86) is divided by 279?
247
Let q(d) = 5*d**3 + 8*d**2 - 8*d - 8. Let t be q(4). Let r = 436 - t. What is the remainder when 222 is divided by r?
26
Calculate the remainder when 1144 is divided by (-2 - 1023/(-6))*(21 - 19) - 4.
145
Let r(o) = 4*o**2 + 20*o + 74. Let c be r(-15). Suppose -206 = -8*i + c. Calculate the remainder when i is divided by 52.
6
Suppose -108*m = -168*m + 3060. What is the remainder when 4894 is divided by m?
49
Let z(t) = -t + 1. Let w(l) = -1. Let x(q) = 4*w(q) + z(q). Let a be x(-5). Suppose -a*f + f = -16. Calculate the remainder when 43 is divided by f.
11
Suppose 6325 - 1105 = 58*z. What is the remainder when z is divided by 71?
19
Let u(a) be the first derivative of 41*a**3/3 - a - 1. Let n = 213 + -212. Calculate the remainder when u(n) is divided by 6.
4
Let n = 34432 - 34393. Let p = 142 - 28. Calculate the remainder when p is divided by n.
36
Let n = -282 - -285. Calculate the remainder when (-3)/(n/86)*(-2)/4 is divided by 11.
10
Let g be (-3)/2*38/(-3). Suppose 0 = 3*r + 9, 2*c + 2*r = 5*r + g. Let b(v) = 83*v - 122. Calculate the remainder when b(2) is divided by c.
4
Suppose -256 = -22*v + 1834. What is the remainder when 854 is divided by v?
94
Suppose 65*r - 7732 - 11443 = 0. What is the remainder when r is divided by 68?
23
Let a = -67 - -68. Let s(d) be the first derivative of 19*d**4/4 + d**3/3 - 7*d**2/2 + 6*d + 13. Calculate the remainder when 151 is divided by s(a).
18
Let n(i) = 7*i**2 - 25*i + 67. What is the remainder when 3001 is divided by n(4)?
78
Calculate the remainder when (-4)/6*(-869922)/124 is divided by 120.
117
Let t = 14484 + -14435. Calculate the remainder when (-2)/(-8) - 1134/(-8) is divided by t.
44
Suppose 18 = 13*x - 12*x. Let l(j) = j**3 + 10*j**2 + 9*j - 31. Calculate the remainder when l(-8) is divided by x.
7
Let r(t) = -t**3 - t**2 + t + 2. Let n(g) = g**2 + 7*g + 1. Let b be n(-7). Let u be (-2 - -2)*(2 - 3/b). Calculate the remainder when 5 is divided by r(u).
1
Suppose -5*q + 320 = 4*r, 126 = 4*q - 5*r - 89. Suppose 5*s - 13 = 2, -2*t + 2*s = -q. Let a = -12 + t. Calculate the remainder when 167 is divided by a.
20
Suppose 64*g - 29114 = 112646. Calculate the remainder when g is divided by 37.
32
Suppose -2*p = -15 + 19, -2*p = 5*x - 11. Calculate the remainder when 53 is divided by ((x - 6) + -2)*36/(-10).
17
Suppose -2*p = 3*p - 315. Let q = -285 + 171. What is the remainder when p is divided by -3*q/27 - (-2)/6?
11
Let l(o) = 7*o**2 + 7*o + 4. Suppose 2*y = -9*y - 2*y. Suppose 0*i - 4*i = d - 6, y = -5*d + 3*i + 99. What is the remainde